 greatest common divisor of 303224 and 2900.
116
What is the greatest common factor of 413220 and 976596?
1164
Calculate the greatest common factor of 6976975 and 8030.
365
Calculate the highest common factor of 318 and 76115685.
159
What is the highest common factor of 68049124 and 572?
572
What is the greatest common factor of 4640 and 718702360?
1160
What is the greatest common divisor of 236538 and 117756?
18
Calculate the highest common factor of 490 and 10070690.
70
Calculate the greatest common divisor of 7788 and 685245.
33
What is the greatest common factor of 413763 and 301767?
3111
Calculate the highest common factor of 31117 and 33707.
37
Calculate the highest common divisor of 653356 and 214489.
341
What is the highest common divisor of 191976 and 792984?
456
What is the greatest common factor of 25 and 8561021675?
25
What is the highest common divisor of 5 and 479926495?
5
Calculate the highest common factor of 2885967 and 5229.
63
What is the greatest common divisor of 2069713424 and 3616?
1808
Calculate the greatest common factor of 113311235 and 2795.
215
What is the greatest common divisor of 34 and 410174164?
34
Calculate the highest common factor of 53889363 and 80883.
4257
What is the greatest common divisor of 42 and 1088982300?
42
What is the highest common factor of 856 and 45982608?
856
What is the highest common factor of 18 and 36071052?
6
What is the highest common factor of 28230 and 1536?
6
Calculate the highest common divisor of 24 and 75606849.
3
Calculate the greatest common factor of 30 and 13316500.
10
What is the greatest common factor of 27984 and 30394122?
3498
What is the greatest common divisor of 6816 and 1439040?
96
What is the highest common divisor of 636396551 and 217?
217
What is the greatest common divisor of 8240 and 2931895?
515
What is the highest common factor of 10120 and 26804360?
440
What is the greatest common divisor of 4347240 and 96560?
680
Calculate the greatest common factor of 265 and 5611799.
53
Calculate the highest common factor of 39215917 and 247.
13
What is the greatest common divisor of 115250 and 10085758?
922
What is the highest common divisor of 50 and 184803925?
25
Calculate the greatest common factor of 3752707 and 77.
7
Calculate the highest common factor of 19224641 and 206.
103
Calculate the highest common divisor of 83851350 and 1155.
165
What is the highest common divisor of 46847 and 57275?
79
What is the highest common factor of 153 and 1654338?
51
What is the highest common divisor of 90152 and 16196?
4
What is the greatest common factor of 924 and 113884008?
84
Calculate the highest common factor of 2784120 and 192.
24
What is the greatest common factor of 309443519 and 308?
77
Calculate the highest common factor of 90092 and 171296.
404
Calculate the greatest common divisor of 17653 and 920623.
127
What is the highest common divisor of 143808 and 235935?
2247
Calculate the highest common factor of 978744 and 32253.
39
What is the greatest common divisor of 2984970 and 47470?
470
Calculate the greatest common divisor of 2415360 and 172992.
3264
What is the greatest common divisor of 492 and 1644516?
12
Calculate the highest common factor of 1060364349 and 99.
99
Calculate the greatest common factor of 332706 and 625794.
426
What is the highest common factor of 4979 and 4433819?
13
Calculate the highest common divisor of 199984 and 3684624.
464
Calculate the greatest common factor of 2730 and 134004.
78
Calculate the greatest common divisor of 51311473 and 53.
53
Calculate the greatest common factor of 161961 and 9.
3
What is the greatest common factor of 74016 and 58148820?
9252
What is the greatest common factor of 1433571 and 60?
3
What is the greatest common divisor of 1291 and 75487352?
1291
Calculate the highest common divisor of 459 and 1797255.
27
Calculate the highest common divisor of 196230 and 620930.
310
Calculate the greatest common factor of 493 and 1064909.
29
Calculate the greatest common factor of 97945 and 24149.
19
Calculate the highest common divisor of 11803980 and 2486.
226
Calculate the greatest common factor of 285 and 1382155.
95
Calculate the greatest common divisor of 30 and 118945620.
30
What is the highest common factor of 426 and 5474384?
142
Calculate the highest common divisor of 27683 and 6881411.
1457
What is the greatest common divisor of 7603387 and 88?
11
Calculate the greatest common divisor of 1467440832 and 5104.
5104
What is the greatest common divisor of 4 and 778121276?
4
What is the greatest common divisor of 45998 and 1899?
211
Calculate the highest common divisor of 1243425 and 91155.
885
Calculate the greatest common divisor of 351 and 10059777.
117
Calculate the greatest common divisor of 45 and 39453345.
45
Calculate the highest common divisor of 43467032 and 189.
7
What is the greatest common factor of 297 and 3471589?
11
Calculate the highest common divisor of 20832 and 410316.
372
What is the highest common divisor of 12224 and 21507364?
764
Calculate the greatest common factor of 711 and 311938689.
237
What is the highest common divisor of 93456 and 4639701?
1947
What is the greatest common divisor of 90534519 and 1476?
369
What is the highest common factor of 3183 and 45492497?
1061
Calculate the greatest common factor of 6346204785 and 45.
45
What is the highest common factor of 14 and 281773702?
14
What is the greatest common divisor of 702 and 4133646?
54
Calculate the greatest common factor of 1400 and 1752.
8
Calculate the greatest common factor of 372281 and 6188.
91
Calculate the greatest common divisor of 720274 and 65072.
166
Calculate the greatest common divisor of 11214237 and 16701.
57
What is the greatest common factor of 4456203 and 1539?
57
Calculate the greatest common divisor of 1366265800 and 40.
40
Calculate the greatest common divisor of 34 and 36948327.
17
Calculate the highest common factor of 51 and 1199271.
3
What is the highest common factor of 19740 and 56769420?
2820
Calculate the highest common factor of 403 and 3131837.
31
What is the greatest common factor of 138713315 and 5?
5
Calculate the highest common divisor of 609719 and 5566.
121
What is the greatest common factor of 5514 and 949450146?
5514
What is the highest common factor of 477 and 8898011?
53
What is the greatest common divisor of 222768 and 1994538?
546
Calculate the highest common divisor of 2171 and 702767.
13
Calculate the highest common factor of 11565 and 4840695.
45
Calculate the highest common divisor of 201742 and 10089.
19
What is the greatest common divisor of 1888 and 236547638?
118
Calculate the greatest common factor of 38974232 and 55.
11
Calculate the highest common factor of 2313959 and 1161.
43
Calculate the highest common divisor of 202860 and 558.
18
Calculate the greatest common divisor of 7 and 1241220071.
7
Calculate the highest common factor of 559506 and 6.
6
Calculate the greatest common factor of 845208 and 2148471.
351
What is the highest common factor of 125502663 and 341?
341
Calculate the greatest common factor of 5058 and 594611736.
1686
What is the greatest common divisor of 355 and 30787375?
355
Calculate the greatest common divisor of 16577 and 423467.
1507
Calculate the greatest common factor of 4114350 and 8550.
450
What is the greatest common divisor of 4707306 and 3296?
206
What is the greatest common divisor of 544848651 and 14047?
1277
What is the highest common factor of 34264 and 246?
2
What is the greatest common divisor of 5732960 and 352?
32
Calculate the greatest common factor of 7525 and 6025375.
1075
Calculate the highest common divisor of 192000 and 9484500.
1500
What is the greatest common factor of 855 and 206715?
15
What is the highest common divisor of 9 and 830608578?
9
What is the greatest common factor of 610926560 and 320?
160
What is the greatest common factor of 337671 and 15657?
51
What is the highest common divisor of 750870 and 669870?
810
What is the greatest common divisor of 53875474 and 422?
422
Calculate the highest common divisor of 134 and 24101977.
67
Calculate the highest common divisor of 18 and 70970841.
9
What is the highest common divisor of 2533494 and 6?
6
Calculate the greatest common factor of 310716 and 3712149.
567
What is the great